pose -5*j = 3*t - 2190, 7*j - 6*j - 2*t = 451. Calculate the greatest common divisor of 49 and j.
49
Let d = -1011 + 1027. Let s(l) = 13*l + 1. Let n be s(3). Calculate the highest common factor of d and n.
8
Let w(c) be the first derivative of 4 + 3/2*c**2 - 1/4*c**4 + 8/3*c**3 + 0*c. Let n be w(7). Calculate the highest common factor of 28 and n.
14
Let x be ((-1)/5 - 2)*-5. Let b be (-2)/x - 96/(-44). Suppose 0 = -3*c - b*c + 540. Calculate the highest common factor of 12 and c.
12
Suppose -x = 4*x + 40. Let f(b) = 2*b**2 + 4*b - 1. Let v be f(x). Suppose 49 = 2*a - v. Calculate the greatest common divisor of 8 and a.
8
Let d(g) = g**2 + 8*g + 14. Let n be d(-6). Let j be (-15)/6*-53 + 1/n. What is the highest common divisor of 19 and j?
19
Let i(t) = -t + 0*t + 28*t**3 - 27*t**3 + 23. Let d be i(0). Calculate the highest common divisor of d and 184.
23
Let v be 36/8*2/(-3). Let s be v/(-2) - (-2)/4. Let m = -132 - -135. What is the highest common divisor of s and m?
1
Suppose 0 = -5*o + 4*u + 52, 0 = -4*o + o + 4*u + 28. Let j(r) = -r**2 - 4*r + 66. Let d be j(6). Calculate the greatest common factor of d and o.
6
Suppose 4*u + 36*u = 200. What is the greatest common divisor of u and 1445?
5
Let n(x) = -32*x + 79. Let y be n(-10). What is the greatest common divisor of 21 and y?
21
Suppose 2*m + 4*u - 2 = 14, 2*m + 4 = u. Let f be m*(3 + -4) + 7. What is the highest common divisor of 56 and f?
7
Let q = 113 + -104. Calculate the highest common factor of q and 99.
9
Let m(a) = -a + 7. Let z = 2 - -2. Let f be m(z). Suppose i = f*i - 2. Calculate the greatest common factor of i and 8.
1
Let c be (-8*(-2)/(-5))/((-2)/60). Suppose -6 = 10*v - c. Calculate the highest common divisor of v and 18.
9
Let c(q) = q**3 - 17*q**2 - 17*q - 16. Let y be c(18). Let r be y/(3 + (-92)/31) + -2. What is the highest common factor of 12 and r?
12
Let k = -173 - -187. What is the highest common divisor of k and 63?
7
Suppose 0*p + 20 = 2*p. Let w(x) be the second derivative of x**3/6 + 7*x**2/2 - 40*x. Let v be w(p). Calculate the greatest common divisor of v and 51.
17
Let r = 153 - 91. Suppose -2*l + 775 = 3*l. Let f be ((-48)/(-40))/(2/l). Calculate the greatest common factor of f and r.
31
Suppose 3*y - 27 = 9. Suppose -f + y = -0*f. Let m be 478/5 - (-26)/65. What is the highest common factor of f and m?
12
Let f(w) = 5*w**2 + 18*w - 9. Let y(v) = -v**2 - 1. Let k(q) = f(q) + 3*y(q). Let r be k(-12). What is the greatest common factor of r and 24?
12
Let c(m) be the second derivative of -m**5/20 - 7*m**4/4 - m**3/2 - 17*m**2/2 - 2*m + 9. Let d be c(-21). What is the highest common divisor of d and 115?
23
Suppose 0*a + 2*a - 3*k = 47, -2*a = k - 27. Calculate the greatest common divisor of a and 304.
16
Let h(k) be the first derivative of k**3/3 + 2*k**2 + 10*k - 11. Let l be h(-6). What is the greatest common factor of l and 11?
11
Let m be 6 + 3/3 + -3. Let z be (2/m)/(1/100). Suppose -f - 96 = -5*d, -5*d + f + 76 = -d. Calculate the highest common factor of z and d.
10
Suppose 0 = i + 903 - 1410. What is the highest common factor of i and 234?
39
Let u(y) = -14*y + 8*y**2 + 328 - 17*y**2 - 356 - y**3. Let t be u(-8). Let g(p) = -p + 10. Let n be g(0). What is the highest common factor of t and n?
10
Let t be 90 + 0/(2 - 3). Suppose 0 = -3*g + 4*k - 60, -4*k + 5*k = -2*g - 29. Let l = -7 - g. What is the highest common factor of t and l?
9
Suppose 0 = -2*v - 0*v + 20. Let q be 4/v - (-108)/5. Calculate the highest common factor of 22 and q.
22
Suppose 1844 = 5*c + 4*p, -5*c + 1473 = -c + p. What is the highest common factor of c and 230?
46
Let u(v) = -v**3 - 2*v + 2. Let h be u(2). Let q be (33/(-55))/(2/h). What is the greatest common factor of 2 and q?
1
Suppose 0 = 4*w - 67 - 13. Calculate the greatest common divisor of w and 2.
2
Let r(z) = 15*z - 10. Let g(h) = -29*h + 19. Let c(j) = 3*g(j) + 5*r(j). Let b = -3 - 1. Let v be c(b). What is the greatest common divisor of 22 and v?
11
Let l be (-1)/(-3)*0 + (-3 - 5). Let g(s) = -2*s**2 - 17*s - 1. Let k be g(l). Calculate the greatest common divisor of 91 and k.
7
Let b = -43 - -46. Suppose -j + 14 = p - 5*j, 3*j = -b. What is the greatest common divisor of p and 15?
5
Let x(f) = -f + 4. Let q be x(-12). Let l = -16 + q. Suppose l = n - 7. What is the greatest common factor of 77 and n?
7
Let l be -1*(-132 - (-2 - 8)). What is the highest common factor of 3050 and l?
122
Suppose 4*b - 3*b = 3*t - 14, -5*t - b = -34. Let k(l) = 11*l - 3. Let q be k(t). Let c = 84 - 75. What is the greatest common factor of c and q?
9
Let m be -8 + 3/(12/536). Calculate the greatest common factor of m and 28.
14
Suppose -85 = -2*d - 2*d - 5*q, -5*d + 105 = 5*q. Let n be (-1 + -29)*(1 + 25/(-3)). What is the greatest common factor of d and n?
20
Suppose 2*u + b - 12 = 0, -3 - 1 = 2*b. Let m = -28 + 88. Let y be 70*16/m*3. Calculate the highest common factor of u and y.
7
Suppose -404 = -4*r + 2*o, -r - 4*o + 53 + 30 = 0. What is the highest common factor of r and 66?
33
Suppose r = d + 4 + 9, r - 13 = -3*d. Suppose -8*j - 280 = -r*j. What is the highest common factor of j and 8?
8
Let b = -33 - -43. Suppose 4*z + 5*x + 41 = 0, -4*x + 41 = -5*z - 0. Let v(u) = -u**2 - 12*u - 7. Let i be v(z). What is the highest common factor of b and i?
10
Let w be (2 + -21*11)*(0 - 1). Suppose -3*p = q + p - 59, p + w = 3*q. What is the highest common factor of 30 and q?
15
Let b be 1780/40 - (-2)/(-4). What is the greatest common divisor of 66 and b?
22
Suppose -9*o = -164 - 124. Let g(i) = -i - 1. Let c be g(2). Let u be (40/c + 0)*-6. What is the highest common divisor of u and o?
16
Let y be (-3356)/(-30) - (-2)/15. Calculate the highest common factor of 182 and y.
14
Let m be (20 - 7) + 9*-1. Calculate the highest common factor of 90 and m.
2
Suppose 0*v + 7*v = 161. Suppose -5*r + 3*d = -v, -2*r - 2 = -5*d - 15. Suppose 2*n - r*n + 36 = 0. Calculate the greatest common factor of 144 and n.
18
Let v(p) = p**3 + 6*p**2 + 3*p + 10. Let b be v(-6). Let g be (57/6 - 5)/((-6)/b). Calculate the highest common factor of g and 48.
6
Suppose -3*q + 247 = 91. What is the greatest common divisor of q and 130?
26
Suppose 0*n = 2*n - 6. Suppose -n*k - 2*k - 12 = -c, 4*k = -5*c + 31. Let x(v) = -33*v - 85. Let f be x(-3). Calculate the greatest common factor of f and c.
7
Let p(z) = z**3 + 10*z**2 + 12*z + 13. Let q be p(-6). Calculate the highest common divisor of q and 170.
85
Let c = 33 + -29. Suppose -4 = -r + c. Let u = 74 - 34. What is the highest common divisor of r and u?
8
Let y be 65/1 + (-2)/(-2). Suppose -s + 8 = -5*s. Let i be s/(-5) - (-224)/40. What is the highest common factor of y and i?
6
Let c be (24/(-60)*-18)/((-2)/(-5)). Calculate the highest common divisor of c and 192.
6
Suppose -4*r + 2*h + 124 = -3*h, 4*h - 52 = -r. Suppose -3*v + 112 = 2*v + 3*n, -r = -2*v + n. Calculate the highest common factor of 30 and v.
10
Suppose 2*x = 2*b + 2*b - 374, -293 = -3*b - x. Calculate the greatest common factor of 384 and b.
96
Suppose -10 = a + 2*y, 6*y - 2*y + 16 = -a. Let q be (-10)/a - 2/(-4). Let w(d) = 3*d**2 - d - 1. Let v be w(2). What is the highest common factor of q and v?
3
Let m be 10/45 + (-25)/(-9). Suppose 3*k - u - 13 = 0, -33 = -5*k - 3*u - u. Suppose -k*z = z - 6. Calculate the highest common factor of z and m.
1
Let r(i) = i + 16. Let n = 27 + -37. Let c be r(n). Calculate the greatest common factor of c and 66.
6
Suppose -20*s = -29*s + 846. Let t = 23 - 78. Let i = s + t. Calculate the greatest common factor of i and 13.
13
Suppose -3*g + 3*a = -66, -31 - 1 = -2*g - a. Calculate the greatest common factor of 1098 and g.
18
Let f(d) be the third derivative of d**5/20 + d**4/4 - 17*d**2. Let g be f(-7). Calculate the greatest common factor of 15 and g.
15
Suppose -3*n + 3*i = -192, 4*i = -n + 8*i + 79. Calculate the greatest common factor of 413 and n.
59
Suppose 0*f = 4*f + 5*u - 684, -5*f + 888 = -2*u. What is the greatest common divisor of f and 16?
16
Suppose -3 - 7 = -v. Let l be 45/v - 3/6. Suppose -5*f + 5*u = -20, -l*f = u - 3 - 8. What is the greatest common divisor of 1 and f?
1
Let z(b) = 4*b**3 - b + 1. Let g be z(1). Let p be g/(-6)*1350/(-5). Calculate the highest common factor of p and 20.
20
L